tors of 1133288?
2, 13, 17, 641
What are the prime factors of 1301681?
809, 1609
List the prime factors of 106027.
229, 463
What are the prime factors of 47596?
2, 73, 163
What are the prime factors of 1236522?
2, 3, 7, 59, 499
What are the prime factors of 2987805?
3, 5, 139, 1433
List the prime factors of 1744230.
2, 3, 5, 53, 1097
What are the prime factors of 499520?
2, 5, 7, 223
What are the prime factors of 142378?
2, 257, 277
List the prime factors of 5679646.
2, 7, 405689
List the prime factors of 1318971.
3, 139, 3163
List the prime factors of 1131645.
3, 5, 37, 2039
What are the prime factors of 6681894?
2, 3, 997, 1117
List the prime factors of 4807237.
761, 6317
What are the prime factors of 8109554?
2, 41, 98897
List the prime factors of 10115254.
2, 367, 13781
What are the prime factors of 31201?
41, 761
What are the prime factors of 132230?
2, 5, 7, 1889
List the prime factors of 2696222.
2, 1348111
What are the prime factors of 522769?
13, 40213
List the prime factors of 286107.
3, 95369
List the prime factors of 156536.
2, 17, 1151
List the prime factors of 292186.
2, 146093
List the prime factors of 8181526.
2, 4090763
List the prime factors of 1307455.
5, 109, 2399
What are the prime factors of 2903562?
2, 3, 161309
List the prime factors of 17914376.
2, 41, 54617
What are the prime factors of 346918?
2, 11, 13, 1213
List the prime factors of 487103.
19, 31, 827
What are the prime factors of 1821182?
2, 11, 82781
List the prime factors of 23319497.
181, 128837
List the prime factors of 35350.
2, 5, 7, 101
What are the prime factors of 695795?
5, 31, 67
What are the prime factors of 1686815?
5, 13, 25951
What are the prime factors of 34183661?
34183661
What are the prime factors of 5964514?
2, 53, 56269
List the prime factors of 6508829.
571, 11399
List the prime factors of 2606024.
2, 325753
What are the prime factors of 3426382?
2, 199, 8609
List the prime factors of 5710488.
2, 3, 7, 19, 1789
What are the prime factors of 309709?
317, 977
List the prime factors of 470719.
470719
List the prime factors of 3778472.
2, 472309
What are the prime factors of 280767?
3, 31, 3019
List the prime factors of 393432.
2, 3, 13, 97
What are the prime factors of 598822?
2, 7, 42773
What are the prime factors of 266670?
2, 3, 5, 2963
List the prime factors of 1352538.
2, 3, 11, 23
What are the prime factors of 4396948?
2, 17, 64661
What are the prime factors of 294133?
7, 42019
List the prime factors of 607418.
2, 7, 43, 1009
List the prime factors of 11380.
2, 5, 569
List the prime factors of 135060.
2, 3, 5, 2251
List the prime factors of 273463.
61, 4483
List the prime factors of 237381.
3, 67, 1181
What are the prime factors of 30631643?
7, 4375949
What are the prime factors of 2400062?
2, 7, 251, 683
What are the prime factors of 7238831?
7238831
List the prime factors of 14520343.
491, 29573
What are the prime factors of 4491805?
5, 898361
What are the prime factors of 9028470?
2, 3, 5, 11, 109, 251
List the prime factors of 762705.
3, 5, 17, 997
List the prime factors of 248156.
2, 62039
List the prime factors of 8291275.
5, 331651
What are the prime factors of 166236?
2, 3, 7, 1979
What are the prime factors of 2395539?
3, 19, 14009
What are the prime factors of 222843?
3, 59, 1259
What are the prime factors of 549500?
2, 5, 7, 157
What are the prime factors of 16057178?
2, 1051, 7639
What are the prime factors of 16199721?
3, 1799969
List the prime factors of 1273072.
2, 251, 317
List the prime factors of 8877042.
2, 3, 493169
List the prime factors of 558203.
558203
What are the prime factors of 1009780?
2, 5, 29, 1741
List the prime factors of 187108.
2, 29, 1613
What are the prime factors of 51144?
2, 3, 2131
What are the prime factors of 1345986?
2, 3, 37, 43, 47
List the prime factors of 419614.
2, 13, 16139
What are the prime factors of 225003?
3, 179, 419
List the prime factors of 1776166.
2, 7, 293, 433
What are the prime factors of 228715?
5, 149, 307
What are the prime factors of 124689?
3, 89, 467
What are the prime factors of 2720271?
3, 906757
List the prime factors of 567894.
2, 3, 94649
What are the prime factors of 220990?
2, 5, 7, 11, 41
What are the prime factors of 23297331?
3, 1523, 5099
List the prime factors of 705461.
705461
What are the prime factors of 345814?
2, 7, 17, 1453
List the prime factors of 1584733.
19, 83407
List the prime factors of 219475.
5, 8779
List the prime factors of 1897178.
2, 23, 41243
What are the prime factors of 260338?
2, 13, 17, 19, 31
List the prime factors of 256119.
3, 59, 1447
List the prime factors of 2698013.
101, 26713
What are the prime factors of 214446?
2, 3, 103, 347
What are the prime factors of 149471?
7, 131, 163
What are the prime factors of 494726?
2, 247363
What are the prime factors of 986377?
7, 29, 43, 113
List the prime factors of 150687.
3, 5581
List the prime factors of 703129.
7, 100447
List the prime factors of 11059123.
11059123
What are the prime factors of 1088342?
2, 544171
What are the prime factors of 375894?
2, 3, 6961
List the prime factors of 35519857.
823, 43159
List the prime factors of 3164457.
3, 1054819
List the prime factors of 459588.
2, 3, 38299
What are the prime factors of 3185606?
2, 659, 2417
List the prime factors of 5887752.
2, 3, 13, 113, 167
What are the prime factors of 2642956?
2, 17, 38867
List the prime factors of 12733387.
601, 21187
What are the prime factors of 23015148?
2, 3, 13, 43, 47, 73
What are the prime factors of 240059?
240059
What are the prime factors of 17801694?
2, 3, 36629
List the prime factors of 278723.
167, 1669
List the prime factors of 996271.
996271
What are the prime factors of 549146?
2, 13, 21121
List the prime factors of 2806111.
7, 11, 3313
What are the prime factors of 18257607?
3, 23, 193, 457
List the prime factors of 338039.
13, 26003
List the prime factors of 239926.
2, 119963
What are the prime factors of 10219863?
3, 31, 109891
List the prime factors of 4328911.
1151, 3761
What are the prime factors of 6253811?
1483, 4217
List the prime factors of 12009279.
3, 97, 41269
List the prime factors of 27662874.
2, 3, 4610479
List the prime factors of 506415.
3, 5, 7, 13, 53
What are the prime factors of 322645?
5, 173, 373
List the prime factors of 369101.
83, 4447
List the prime factors of 9235378.
2, 313, 14753
List the prime factors of 10029328.
2, 626833
What are the prime factors of 821560?
2, 5, 19, 23, 47
What are the prime factors of 2044732?
2, 29, 17627
What are the prime factors of 398875?
5, 3191
What are the prime factors of 6769747?
67, 79, 1279
What are the prime factors of 7693637?
7, 157013
What are the prime factors of 263761?
263761
List the prime factors of 6664461.
3, 29, 76603
What are the prime factors of 1515307?
19, 173, 461
List the prime factors of 8065042.
2, 23, 175327
List the prime factors of 6935348.
2, 7, 247691
What are the prime factors of 7674997?
11, 697727
What are the prime factors of 8507565?
3, 5, 11, 17, 337
What are the prime factors of 4928753?
29, 169957
What are the prime factors of 15428352?
2, 3, 20089
List the prime factors of 1316189.
7, 26861
What are the prime factors of 4579577?
41, 111697
List the prime factors of 463208.
2, 57901
What are the prime factors of 167364?
2, 3, 4649
List the prime factors of 1243132.
2, 11, 19, 1487
What are the prime factors of 1590145?
5, 31, 10259
What are the prime factors of 12438867?
3, 7, 41, 14447
What are the prime factors of 71282?
2, 29, 1229
What are the prime factors of 136166?
2, 103, 661
What are the prime factors of 10140074?
2, 7, 724291
What are the prime factors of 5632756?
2, 947, 1487
List the prime factors of 6155283.
3, 23, 37, 2411
List the prime factors of 5776243.
11, 17, 23, 79
What are the prime factors of 1723747?
1723747
What are the prime factors of 3522871?
11, 31, 10331
List the prime factors of 698320.
2, 5, 7, 29, 43
List the prime factors of 11663559.
3, 881, 1471
What are the prime factors of 2795210?
2, 5, 11, 25411
What are the prime factors of 1039438?
2, 67, 7757
What are the prime factors of 2344025?
5, 93761
List the prime factors of 1986857.
349, 5693
List the prime factors of 499219.
7, 71317
List the prime factors of 1056467.
43, 79, 311
List the prime factors of 